{"id":135,"date":"2019-10-12T22:05:09","date_gmt":"2019-10-12T20:05:09","guid":{"rendered":"http:\/\/www.spgozd.edu.pl\/?page_id=135"},"modified":"2026-04-07T21:17:48","modified_gmt":"2026-04-07T19:17:48","slug":"do-pobrania","status":"publish","type":"page","link":"http:\/\/www.spgozd.edu.pl\/index.php\/do-pobrania\/","title":{"rendered":"Do pobrania"},"content":{"rendered":"\t\t<div data-elementor-type=\"wp-page\" data-elementor-id=\"135\" class=\"elementor elementor-135\">\n\t\t\t\t\t\t<section class=\"elementor-section elementor-top-section elementor-element elementor-element-4d649b1 elementor-section-boxed elementor-section-height-default elementor-section-height-default\" data-id=\"4d649b1\" data-element_type=\"section\" data-e-type=\"section\">\n\t\t\t\t\t\t<div class=\"elementor-container elementor-column-gap-default\">\n\t\t\t\t\t<div class=\"elementor-column elementor-col-100 elementor-top-column elementor-element elementor-element-4bddce0\" data-id=\"4bddce0\" data-element_type=\"column\" data-e-type=\"column\">\n\t\t\t<div class=\"elementor-widget-wrap elementor-element-populated\">\n\t\t\t\t\t\t<div class=\"elementor-element elementor-element-8c16e56 elementor-invisible elementor-widget elementor-widget-text-editor\" data-id=\"8c16e56\" data-element_type=\"widget\" data-e-type=\"widget\" data-settings=\"{&quot;_animation&quot;:&quot;fadeInLeft&quot;}\" data-widget_type=\"text-editor.default\">\n\t\t\t\t<div class=\"elementor-widget-container\">\n\t\t\t\t\t\t\t\t\t<h2 style=\"text-align: center;\">Dokumenty do pobrania<\/h2><p style=\"text-align: center;\"><a title=\"Plik PDF(559 KB) do pobrania\" href=\"http:\/\/www.spgozd.edu.pl\/wp-content\/uploads\/2026\/01\/Regulamin-rekrutacji-dzieci-do-Przedszkola-Samorzadowego-w-Gozdzie-na-rok-szkolny-2026-2027.pdf\" target=\"_blank\" rel=\"noopener\">Regulamin rekrutacji dzieci do Przedszkola Samorz\u0105dowego w Go\u017adzie na rok szkolny 2026-2027<\/a><br \/><a title=\"Plik DOCX(34 KB) do pobrania\" href=\"http:\/\/www.spgozd.edu.pl\/wp-content\/uploads\/2026\/01\/Wniosek-o-przyjecie-dziecka-do-przedszkola-26.docx\">Wniosek o przyj\u0119cie dziecka do przedszkola<\/a><br \/><a class=\"green\" title=\"Plik DOC(71 KB) do pobrania\" href=\"\/wp-content\/uploads\/2019\/11\/zglosz_bad_psych-pedagog_2019.doc\">Wniosek o przebadanie dziecka w poradni<br \/>psychologiczno-pedagogicznej<\/a><br \/><a class=\"green\" title=\"Plik DOC(67 KB) do pobrania\" href=\"\/wp-content\/uploads\/2019\/11\/zglosz_logoped_2019.doc\">Wniosek o udzielenie pomocy logopedycznej<\/a><br \/><a class=\"green\" title=\"Plik DOC(516 KB) do pobrania\" href=\"\/wp-content\/uploads\/2019\/11\/biuletyn.doc\">Poradnia Psychologiczno-Pedagogiczna &#8211; Biuletyn informacyjny<\/a><br \/><a title=\"Plik DOCX(28 KB) do pobrania\" href=\"http:\/\/www.spgozd.edu.pl\/wp-content\/uploads\/2026\/01\/Deklaracja-kontynuowania-wychowania-przedszkolnego-26.docx\">Deklaracja kontynuowania wychowania przedszkolnego<\/a><br \/><a title=\"Plik DOCX(27 KB) do pobrania\" href=\"http:\/\/www.spgozd.edu.pl\/wp-content\/uploads\/2026\/01\/Wniosek-zapisu-do-klasy-I-spoza-obwodu-26.docx\">Wniosek zapisu do klasy I spoza obwodu<\/a><br \/><a title=\"Plik DOCX(29 KB) do pobrania\" href=\"http:\/\/www.spgozd.edu.pl\/wp-content\/uploads\/2026\/01\/Zgloszenie-dziecka-zamieszkalego-w-obwodzie-do-klasy-pierwszej-26.docx\">Zg\u0142oszenie dziecka zamieszka\u0142ego w obwodzie do klasy pierwszej<\/a><br \/><a title=\"Plik DOCX(13 KB) do pobrania\" href=\"http:\/\/www.spgozd.edu.pl\/wp-content\/uploads\/2026\/01\/Oswiadczenie_o_uczeszczaniu_rodzenstwa_kandydata_do_przedszkola_26.docx\">Oswiadczenie o uczeszczaniu rodzenstwa kandydata do przedszkola<\/a><br \/><a title=\"Plik DOCX(18 KB) do pobrania\" href=\"http:\/\/www.spgozd.edu.pl\/wp-content\/uploads\/2026\/01\/Oswiadczenie_o_wielodzietnosci_rodziny_kandydata_do_przedszkola_26.docx\">Oswiadczenie o wielodzietnosci rodziny kandydata do przedszkola<\/a><br \/><a title=\"Plik DOCX(13 KB) do pobrania\" href=\"http:\/\/www.spgozd.edu.pl\/wp-content\/uploads\/2026\/01\/Oswiadczenie_potwierdzajace_wole_uczeszczania_dziecka_do_przedszkola_26.docx\">Oswiadczenie potwierdzajace wole uczeszczania dziecka do przedszkola<\/a><br \/><a title=\"Plik DOCX(13 KB) do pobrania\" href=\"http:\/\/www.spgozd.edu.pl\/wp-content\/uploads\/2026\/01\/Zalacznik-nr-4-oswiadczenie-o-nie-przyjeciu-dziecka-do-przedszkola-po-postepowaniu-rekrutacyjnym-w-poprzednim-roku-szkolnym-26.docx\">O\u015bwiadczenie o nie przyj\u0119ciu dziecka do przedszkola po post\u0119powaniu rekrutacyjnym w poprzednim roku szkolnym<\/a><\/p>\t\t\t\t\t\t\t\t<\/div>\n\t\t\t\t<\/div>\n\t\t\t\t\t<\/div>\n\t\t<\/div>\n\t\t\t\t\t<\/div>\n\t\t<\/section>\n\t\t\t\t<\/div>\n\t\t","protected":false},"excerpt":{"rendered":"<p>Dokumenty do pobrania Regulamin rekrutacji dzieci do Przedszkola Samorz\u0105dowego w Go\u017adzie na rok szkolny 2026-2027Wniosek o przyj\u0119cie dziecka do przedszkolaWniosek<\/p>\n","protected":false},"author":1,"featured_media":0,"parent":0,"menu_order":0,"comment_status":"closed","ping_status":"closed","template":"","meta":{"colormag_page_container_layout":"no_sidebar_full_width","colormag_page_sidebar_layout":"right_sidebar","footnotes":""},"class_list":["post-135","page","type-page","status-publish","hentry"],"_links":{"self":[{"href":"http:\/\/www.spgozd.edu.pl\/index.php\/wp-json\/wp\/v2\/pages\/135","targetHints":{"allow":["GET"]}}],"collection":[{"href":"http:\/\/www.spgozd.edu.pl\/index.php\/wp-json\/wp\/v2\/pages"}],"about":[{"href":"http:\/\/www.spgozd.edu.pl\/index.php\/wp-json\/wp\/v2\/types\/page"}],"author":[{"embeddable":true,"href":"http:\/\/www.spgozd.edu.pl\/index.php\/wp-json\/wp\/v2\/users\/1"}],"replies":[{"embeddable":true,"href":"http:\/\/www.spgozd.edu.pl\/index.php\/wp-json\/wp\/v2\/comments?post=135"}],"version-history":[{"count":150,"href":"http:\/\/www.spgozd.edu.pl\/index.php\/wp-json\/wp\/v2\/pages\/135\/revisions"}],"predecessor-version":[{"id":11126,"href":"http:\/\/www.spgozd.edu.pl\/index.php\/wp-json\/wp\/v2\/pages\/135\/revisions\/11126"}],"wp:attachment":[{"href":"http:\/\/www.spgozd.edu.pl\/index.php\/wp-json\/wp\/v2\/media?parent=135"}],"curies":[{"name":"wp","href":"https:\/\/api.w.org\/{rel}","templated":true}]}}