{"id":139,"date":"2019-10-12T22:05:56","date_gmt":"2019-10-12T20:05:56","guid":{"rendered":"http:\/\/www.spgozd.edu.pl\/?page_id=139"},"modified":"2025-04-14T21:56:08","modified_gmt":"2025-04-14T19:56:08","slug":"klauzula-informacyjna-rodo","status":"publish","type":"page","link":"http:\/\/www.spgozd.edu.pl\/index.php\/klauzula-informacyjna-rodo\/","title":{"rendered":"Klauzula informacyjna RODO"},"content":{"rendered":"\t\t<div data-elementor-type=\"wp-page\" data-elementor-id=\"139\" class=\"elementor elementor-139\">\n\t\t\t\t\t\t<section class=\"elementor-section elementor-top-section elementor-element elementor-element-8aa1034 elementor-section-boxed elementor-section-height-default elementor-section-height-default\" data-id=\"8aa1034\" data-element_type=\"section\" data-e-type=\"section\">\n\t\t\t\t\t\t<div class=\"elementor-container elementor-column-gap-default\">\n\t\t\t\t\t<div class=\"elementor-column elementor-col-100 elementor-top-column elementor-element elementor-element-b3ad7ea\" data-id=\"b3ad7ea\" data-element_type=\"column\" data-e-type=\"column\">\n\t\t\t<div class=\"elementor-widget-wrap elementor-element-populated\">\n\t\t\t\t\t\t<div class=\"elementor-element elementor-element-46dcd45 elementor-invisible elementor-widget elementor-widget-text-editor\" data-id=\"46dcd45\" data-element_type=\"widget\" data-e-type=\"widget\" data-settings=\"{&quot;_animation&quot;:&quot;fadeInLeft&quot;}\" data-widget_type=\"text-editor.default\">\n\t\t\t\t<div class=\"elementor-widget-container\">\n\t\t\t\t\t\t\t\t\t<h2 style=\"text-align: center;\">Klauzula informacyjna RODO<\/h2>\n    <p style=\"text-align: center;\">W Zespole Szk\u00f3\u0142 w Go\u017adzie wyznaczony zosta\u0142<\/p>\n    <p style=\"text-align: center;\">Inspektor Ochrony Danych:<\/p>\n    <p style=\"text-align: center;\"><strong>Dominika Jankowicz<\/strong><\/p>\n    <p style=\"text-align: center;\">kontakt email: <a href=\"mailto:inspektor@cbi24.pl\">inspektor@cbi24.pl<\/a><\/p>\n    <p style=\"text-align: center;\">tel.: 575\u00a0001 259<\/p>\n    <p style=\"text-align: center;\"><a class=\"green\"\n    href=\"http:\/\/www.spgozd.edu.pl\/wp-content\/uploads\/2023\/06\/Klauzula-informacyjna-ogolna-dla-rodzicow-strona-i-tablica-inf.pdf\" target=\"_blank\" rel=\"noopener\" title=\"Plik PDF(595 KB) do pobrania\">Klauzula informacyjna &#8211; og\u00f3lna dla rodzic\u00f3w<\/a>\n    <a class=\"green\" href=\"http:\/\/www.spgozd.edu.pl\/wp-content\/uploads\/2023\/06\/Klauzula-informacyjna-monitoring.pdf\"\n    target=\"_blank\" rel=\"noopener\" title=\"Plik PDF(371 KB) do pobrania\">Klauzula informacyjna &#8211; monitoring<\/a>\n    <\/p>\t\t\t\t\t\t\t\t<\/div>\n\t\t\t\t<\/div>\n\t\t\t\t\t<\/div>\n\t\t<\/div>\n\t\t\t\t\t<\/div>\n\t\t<\/section>\n\t\t\t\t<\/div>\n\t\t","protected":false},"excerpt":{"rendered":"<p>Klauzula informacyjna RODO W Zespole Szk\u00f3\u0142 w Go\u017adzie wyznaczony zosta\u0142 Inspektor Ochrony Danych: Dominika Jankowicz kontakt email: inspektor@cbi24.pl tel.: 575\u00a0001<\/p>\n","protected":false},"author":1,"featured_media":0,"parent":0,"menu_order":0,"comment_status":"closed","ping_status":"closed","template":"","meta":{"colormag_page_container_layout":"no_sidebar_full_width","colormag_page_sidebar_layout":"right_sidebar","footnotes":""},"class_list":["post-139","page","type-page","status-publish","hentry"],"_links":{"self":[{"href":"http:\/\/www.spgozd.edu.pl\/index.php\/wp-json\/wp\/v2\/pages\/139","targetHints":{"allow":["GET"]}}],"collection":[{"href":"http:\/\/www.spgozd.edu.pl\/index.php\/wp-json\/wp\/v2\/pages"}],"about":[{"href":"http:\/\/www.spgozd.edu.pl\/index.php\/wp-json\/wp\/v2\/types\/page"}],"author":[{"embeddable":true,"href":"http:\/\/www.spgozd.edu.pl\/index.php\/wp-json\/wp\/v2\/users\/1"}],"replies":[{"embeddable":true,"href":"http:\/\/www.spgozd.edu.pl\/index.php\/wp-json\/wp\/v2\/comments?post=139"}],"version-history":[{"count":18,"href":"http:\/\/www.spgozd.edu.pl\/index.php\/wp-json\/wp\/v2\/pages\/139\/revisions"}],"predecessor-version":[{"id":9268,"href":"http:\/\/www.spgozd.edu.pl\/index.php\/wp-json\/wp\/v2\/pages\/139\/revisions\/9268"}],"wp:attachment":[{"href":"http:\/\/www.spgozd.edu.pl\/index.php\/wp-json\/wp\/v2\/media?parent=139"}],"curies":[{"name":"wp","href":"https:\/\/api.w.org\/{rel}","templated":true}]}}