{"id":145,"date":"2019-10-12T22:06:37","date_gmt":"2019-10-12T20:06:37","guid":{"rendered":"http:\/\/www.spgozd.edu.pl\/?page_id=145"},"modified":"2025-11-01T00:26:25","modified_gmt":"2025-10-31T23:26:25","slug":"pedagog","status":"publish","type":"page","link":"http:\/\/www.spgozd.edu.pl\/index.php\/pedagog\/","title":{"rendered":"Pedagog szkolny"},"content":{"rendered":"\t\t<div data-elementor-type=\"wp-page\" data-elementor-id=\"145\" class=\"elementor elementor-145\">\n\t\t\t\t\t\t<section class=\"elementor-section elementor-top-section elementor-element elementor-element-3987469b elementor-section-boxed elementor-section-height-default elementor-section-height-default\" data-id=\"3987469b\" data-element_type=\"section\" data-e-type=\"section\">\n\t\t\t\t\t\t<div class=\"elementor-container elementor-column-gap-default\">\n\t\t\t\t\t<div class=\"elementor-column elementor-col-100 elementor-top-column elementor-element elementor-element-269fe04a\" data-id=\"269fe04a\" data-element_type=\"column\" data-e-type=\"column\">\n\t\t\t<div class=\"elementor-widget-wrap elementor-element-populated\">\n\t\t\t\t\t\t<div class=\"elementor-element elementor-element-627d02ca elementor-invisible elementor-widget elementor-widget-text-editor\" data-id=\"627d02ca\" data-element_type=\"widget\" data-e-type=\"widget\" data-settings=\"{&quot;_animation&quot;:&quot;fadeInLeft&quot;}\" data-widget_type=\"text-editor.default\">\n\t\t\t\t<div class=\"elementor-widget-container\">\n\t\t\t\t\t\t\t\t\t<p><img decoding=\"async\" class=\"left alignleft\" src=\"\/wp-content\/uploads\/2019\/11\/img_pedagog_l_g.gif\" width=\"150\" height=\"150\" \/> <img decoding=\"async\" class=\"right alignright\" src=\"\/wp-content\/uploads\/2019\/11\/img_pedagog_p_g.gif\" width=\"150\" height=\"150\" \/><\/p>\n<h2 style=\"text-align: center;\">Pedagog szkolny<\/h2>\n<h2 style=\"text-align: center;\">mgr Justyna Gil<\/h2>\n<p>\u00a0<\/p>\n<p><!-- \/wp:heading --><!-- wp:paragraph --><\/p>\n<p><!-- \/wp:paragraph --><!-- wp:paragraph {\"align\":\"center\"} --><\/p>\n<p style=\"text-align: center;\">Pedagog szkolny<\/p>\n<p><!-- \/wp:paragraph --><!-- wp:table {\"backgroundColor\":\"subtle-pale-green\",\"align\":\"center\",\"className\":\"is-style-stripes\"} --><\/p>\n<table class=\"wp-block-table aligncenter has-subtle-pale-green-background-color has-background is-style-stripes\">\n<tbody>\n<tr>\n<td>Poniedzia\u0142ek:\u00a0<\/td>\n<td style=\"text-align: center;\">8.55 \u2013 11.00<\/td>\n<\/tr>\n<tr>\n<td>Wtorek:<\/td>\n<td style=\"text-align: center;\">8.50 \u2013 10.35<\/td>\n<\/tr>\n<tr>\n<td>\u015aroda:\u00a0<\/td>\n<td style=\"text-align: center;\">9.40 \u2013 11.50<\/td>\n<\/tr>\n<tr>\n<td>Czwartek:\u00a0<\/td>\n<td style=\"text-align: center;\">8.45 \u2013 10.45<\/td>\n<\/tr>\n<tr>\n<td>Pi\u0105tek:\u00a0<\/td>\n<td style=\"text-align: center;\">10.55 \u2013 14.00<\/td>\n<\/tr>\n<\/tbody>\n<\/table>\n<p><!-- \/wp:table --><\/p>\n<p>\u00a0<\/p>\n<!-- wp:heading {\"level\":6} -->\n<h6>Do pedagoga szkolnego przyjd\u017a gdy:<\/h6>\n<p><!-- \/wp:heading --><!-- wp:list --><\/p>\n<ul>\n<li>Czujesz, \u017ce nikt Ci\u0119 nie rozumie, jeste\u015b samotny.<\/li>\n<li>Nie potrafisz porozumie\u0107 si\u0119 z nauczycielem.<\/li>\n<li>Masz problemy rodzinne, znajdujesz si\u0119 w trudnej sytuacji materialnej.<\/li>\n<li>Chcesz podzieli\u0107 si\u0119 swoj\u0105 rado\u015bci\u0105, sukcesem.<\/li>\n<li>Chcia\u0142by\u015b pom\u00f3c innym, ale nie wiesz w jaki spos\u00f3b.<\/li>\n<li>Masz ciekawe pomys\u0142y, kt\u00f3rymi chcesz si\u0119 podzieli\u0107.<\/li>\n<\/ul>\n<p><!-- \/wp:list --><!-- wp:paragraph --><\/p>\n<div id=\"tresc\">\n<div id=\"pedagog\" class=\"wow slideInLeft animated\" data-wow-duration=\"1s\">\n<p>Przyjd\u017a tak\u017ce z ka\u017cd\u0105 spraw\u0105, z kt\u00f3r\u0105 sam nie potrafisz sobie poradzi\u0107.<\/p>\n<img decoding=\"async\" class=\"left alignleft\" src=\"\/wp-content\/uploads\/2019\/11\/img_pedagog_l_d.gif\" width=\"150\" height=\"150\" \/> <img loading=\"lazy\" decoding=\"async\" class=\"right alignright\" src=\"\/wp-content\/uploads\/2019\/11\/img_pedagog_p_d.gif\" width=\"150\" height=\"150\" \/><\/div>\n<br \/><br \/><br \/><br \/><br \/><br \/><\/div>\n<p><!-- \/wp:paragraph --><\/p>\t\t\t\t\t\t\t\t<\/div>\n\t\t\t\t<\/div>\n\t\t\t\t\t<\/div>\n\t\t<\/div>\n\t\t\t\t\t<\/div>\n\t\t<\/section>\n\t\t\t\t<\/div>\n\t\t","protected":false},"excerpt":{"rendered":"<p>Pedagog szkolny mgr Justyna Gil \u00a0 Pedagog szkolny Poniedzia\u0142ek:\u00a0 8.55 \u2013 11.00 Wtorek: 8.50 \u2013 10.35 \u015aroda:\u00a0 9.40 \u2013 11.50<\/p>\n","protected":false},"author":1,"featured_media":0,"parent":0,"menu_order":0,"comment_status":"closed","ping_status":"closed","template":"","meta":{"colormag_page_container_layout":"no_sidebar_full_width","colormag_page_sidebar_layout":"right_sidebar","footnotes":""},"class_list":["post-145","page","type-page","status-publish","hentry"],"_links":{"self":[{"href":"http:\/\/www.spgozd.edu.pl\/index.php\/wp-json\/wp\/v2\/pages\/145","targetHints":{"allow":["GET"]}}],"collection":[{"href":"http:\/\/www.spgozd.edu.pl\/index.php\/wp-json\/wp\/v2\/pages"}],"about":[{"href":"http:\/\/www.spgozd.edu.pl\/index.php\/wp-json\/wp\/v2\/types\/page"}],"author":[{"embeddable":true,"href":"http:\/\/www.spgozd.edu.pl\/index.php\/wp-json\/wp\/v2\/users\/1"}],"replies":[{"embeddable":true,"href":"http:\/\/www.spgozd.edu.pl\/index.php\/wp-json\/wp\/v2\/comments?post=145"}],"version-history":[{"count":42,"href":"http:\/\/www.spgozd.edu.pl\/index.php\/wp-json\/wp\/v2\/pages\/145\/revisions"}],"predecessor-version":[{"id":9930,"href":"http:\/\/www.spgozd.edu.pl\/index.php\/wp-json\/wp\/v2\/pages\/145\/revisions\/9930"}],"wp:attachment":[{"href":"http:\/\/www.spgozd.edu.pl\/index.php\/wp-json\/wp\/v2\/media?parent=145"}],"curies":[{"name":"wp","href":"https:\/\/api.w.org\/{rel}","templated":true}]}}