{"id":4203,"date":"2022-09-14T18:46:33","date_gmt":"2022-09-14T16:46:33","guid":{"rendered":"http:\/\/www.spgozd.edu.pl\/?page_id=4203"},"modified":"2025-04-14T21:45:05","modified_gmt":"2025-04-14T19:45:05","slug":"laboratoria-przyszlosci","status":"publish","type":"page","link":"http:\/\/www.spgozd.edu.pl\/index.php\/laboratoria-przyszlosci\/","title":{"rendered":"Laboratoria Przysz\u0142o\u015bci"},"content":{"rendered":"\t\t<div data-elementor-type=\"wp-page\" data-elementor-id=\"4203\" class=\"elementor elementor-4203\">\n\t\t\t\t\t\t<section class=\"elementor-section elementor-top-section elementor-element elementor-element-00da3d2 elementor-section-boxed elementor-section-height-default elementor-section-height-default\" data-id=\"00da3d2\" data-element_type=\"section\" data-e-type=\"section\">\n\t\t\t\t\t\t<div class=\"elementor-container elementor-column-gap-default\">\n\t\t\t\t\t<div class=\"elementor-column elementor-col-100 elementor-top-column elementor-element elementor-element-3d6ea0b\" data-id=\"3d6ea0b\" data-element_type=\"column\" data-e-type=\"column\">\n\t\t\t<div class=\"elementor-widget-wrap elementor-element-populated\">\n\t\t\t\t\t\t<div class=\"elementor-element elementor-element-0da480a elementor-invisible elementor-widget elementor-widget-text-editor\" data-id=\"0da480a\" data-element_type=\"widget\" data-e-type=\"widget\" data-settings=\"{&quot;_animation&quot;:&quot;fadeInLeft&quot;}\" data-widget_type=\"text-editor.default\">\n\t\t\t\t<div class=\"elementor-widget-container\">\n\t\t\t\t\t\t\t\t\t<h5 style=\"text-align: center;\"><img fetchpriority=\"high\" decoding=\"async\" class=\"alignnone wp-image-4204 size-medium\" src=\"http:\/\/www.spgozd.edu.pl\/wp-content\/uploads\/2022\/09\/lab_przyszl-280x300.png\" alt=\"\" width=\"280\" height=\"300\" srcset=\"http:\/\/www.spgozd.edu.pl\/wp-content\/uploads\/2022\/09\/lab_przyszl-280x300.png 280w, http:\/\/www.spgozd.edu.pl\/wp-content\/uploads\/2022\/09\/lab_przyszl.png 327w\" sizes=\"(max-width: 280px) 100vw, 280px\" \/><\/h5><h2 style=\"text-align: center;\">Laboratoria Przysz\u0142o\u015bci<\/h2><p>Laboratoria Przysz\u0142o\u015bci to inicjatywa edukacyjna realizowana przez Ministerstwo Edukacji i Nauki we wsp\u00f3\u0142pracy z Centrum GovTech w Kancelarii Prezesa Rady Ministr\u00f3w. <br \/>Celem inicjatywy jest wsparcie wszystkich szk\u00f3\u0142 podstawowych w budowaniu w\u015br\u00f3d uczni\u00f3w kompetencji przysz\u0142o\u015bci z tzw. kierunk\u00f3w STEAM (nauka, technologia, in\u017cynieria, sztuka oraz matematyka).<\/p><p>W ramach Laboratori\u00f3w Przysz\u0142o\u015bci nasza szko\u0142a otrzyma\u0142a\u00a0 wsparcie finansowe, dzi\u0119ki kt\u00f3remu uczniowie b\u0119d\u0105 mogli uczy\u0107 si\u0119 poprzez eksperymentowanie i zdobywa\u0107 w ten spos\u00f3b praktyczne umiej\u0119tno\u015bci.<\/p><p>\u00a0W ramach dotacji mogli\u015bmy zakupi\u0107 na potrzeby szko\u0142y:<\/p><table width=\"0\"><tbody><tr><td width=\"47\"><p>1<\/p><\/td><td width=\"558\"><p>Drukarka 3D VAT 0% do pakietu podstawowego Moje Bambino Sygnis Edu Lab 3D<\/p><\/td><\/tr><tr><td width=\"47\"><p>2<\/p><\/td><td width=\"558\"><p>Moje Bambino Sygnis Edu Lab 3D &#8211; pakiet podstawowy<\/p><\/td><\/tr><tr><td width=\"47\"><p>3<\/p><\/td><td width=\"558\"><p>Zestaw edukacyjny Arduino<\/p><\/td><\/tr><tr><td width=\"47\"><p>4<\/p><\/td><td width=\"558\"><p>Stacja lutownicza HOT AIR z grotem 2w1<\/p><\/td><\/tr><tr><td width=\"47\"><p>5<\/p><\/td><td width=\"558\"><p>Aparat fotograficzny Canon PowerShot G7 X Mark II<\/p><\/td><\/tr><tr><td width=\"47\"><p>6<\/p><\/td><td width=\"558\"><p>Statyw do aparatu i kamery<\/p><\/td><\/tr><tr><td width=\"47\"><p>7<\/p><\/td><td width=\"558\"><p>Mikrofon kierunkowy Saramonic Vmic-Min<\/p><\/td><\/tr><tr><td width=\"47\"><p>8<\/p><\/td><td width=\"558\"><p>Mikroport Saramonic Blink 500 B1<\/p><\/td><\/tr><tr><td width=\"47\"><p>9<\/p><\/td><td width=\"558\"><p>Zestaw o\u015bwietleniowy: Lampa SOFTBOX ze statywem i \u017car\u00f3wk\u0105<\/p><\/td><\/tr><tr><td width=\"47\"><p>10<\/p><\/td><td width=\"558\"><p>Laptop Acer TravelMate P2 i5 8GB 256SSD<\/p><\/td><\/tr><tr><td width=\"47\"><p>11<\/p><\/td><td width=\"558\"><p>Photon: Robotyka i Sztuczna Inteligencja &#8211; zestaw STANDARD z akcesoriami<\/p><\/td><\/tr><tr><td width=\"47\"><p>12<\/p><\/td><td width=\"558\"><p>Opiekacz<\/p><\/td><\/tr><tr><td width=\"47\"><p>13<\/p><\/td><td width=\"558\"><p>Bezprzewodowy pistolet do klejenia na gor\u0105co<\/p><\/td><\/tr><tr><td width=\"47\"><p>14<\/p><\/td><td width=\"558\"><p>Pistolet do kleju 11 mm<\/p><\/td><\/tr><tr><td width=\"47\"><p>15<\/p><\/td><td width=\"558\"><p>Sztyfty do pistoletu do kleju 11 mm<\/p><\/td><\/tr><tr><td width=\"47\"><p>16<\/p><\/td><td width=\"558\"><p>Zestaw elektroniczny 100<\/p><\/td><\/tr><tr><td width=\"47\"><p>17<\/p><\/td><td width=\"558\"><p>Eksperymenty &#8211; obw\u00f3d pr\u0105du<\/p><\/td><\/tr><tr><td width=\"47\"><p>18<\/p><\/td><td width=\"558\"><p>Ig\u0142y do maszyny do szycia<\/p><\/td><\/tr><tr><td width=\"47\"><p>19<\/p><\/td><td width=\"558\"><p>Szyde\u0142ka<\/p><\/td><\/tr><tr><td width=\"47\"><p>20<\/p><\/td><td width=\"558\"><p>Zestaw nici TALIA STANDARD BASE<\/p><\/td><\/tr><tr><td width=\"47\"><p>21<\/p><\/td><td width=\"558\"><p>Blender z akcesoriami MPM (MBL-29\/C)<\/p><\/td><\/tr><tr><td width=\"47\"><p>22<\/p><\/td><td width=\"558\"><p>Miska, 1,7<\/p><\/td><\/tr><tr><td width=\"47\"><p>23<\/p><\/td><td width=\"558\"><p>Miska, 3,5 l<\/p><\/td><\/tr><tr><td width=\"47\"><p>24<\/p><\/td><td width=\"558\"><p>Dozownik z miark\u0105 1 L<\/p><\/td><\/tr><tr><td width=\"47\"><p>25<\/p><\/td><td width=\"558\"><p>Papier A4 do rysunku technicznego<\/p><\/td><\/tr><tr><td width=\"47\"><p>26<\/p><\/td><td width=\"558\"><p>Drucik zielony 0,6 x 100g<\/p><\/td><\/tr><tr><td width=\"47\"><p>27<\/p><\/td><td width=\"558\"><p>Drucik z\u0142oty 0,4 x 50 g<\/p><\/td><\/tr><tr><td width=\"47\"><p>28<\/p><\/td><td width=\"558\"><p>Pude\u0142ko kreatywne z drewnianymi akcesoriami<\/p><\/td><\/tr><tr><td width=\"47\"><p>29<\/p><\/td><td width=\"558\"><p>St\u00f3\u0142 Daniel 70&#215;50<\/p><\/td><\/tr><tr><td width=\"47\"><p>30<\/p><\/td><td width=\"558\"><p>Rega\u0142 Grande L &#8211; klon jutland<\/p><\/td><\/tr><tr><td width=\"47\"><p>31<\/p><\/td><td width=\"558\"><p>Drzwi Grande wysokie 90 st. z zamkiem<\/p><\/td><\/tr><tr><td width=\"47\"><p>32<\/p><\/td><td width=\"558\"><p>Wypalarka i lutownica do drewna<\/p><\/td><\/tr><tr><td width=\"47\"><p>33<\/p><\/td><td width=\"558\"><p>No\u017cyczki uniwersalne<\/p><\/td><\/tr><tr><td width=\"47\"><p>34<\/p><\/td><td width=\"558\"><p>Zestaw p\u0119dzli okr\u0105g\u0142ych i p\u0142askich<\/p><\/td><\/tr><tr><td width=\"47\"><p>35<\/p><\/td><td width=\"558\"><p>Farby do tkanin<\/p><\/td><\/tr><tr><td width=\"47\"><p>36<\/p><\/td><td width=\"558\"><p>Gimbal do aparatu fotograficznego i kamery<\/p><\/td><\/tr><\/tbody><\/table><p>Celem projektu jest wyr\u00f3wnanie szans edukacyjnych uczni\u00f3w w ca\u0142ej Polsce i zapewnienie im warunk\u00f3w do wej\u015bcia w przesycony technologi\u0105 \u015bwiat z odpowiednimi kompetencjami. B\u0119dzie to mo\u017cliwe poprzez zapewnienie powszechnego dost\u0119pu do nowoczesnych technologii oraz wsparcie nauczycieli w ich nauce poprzez m.in. poprowadzenie lekcji pokazowych w szko\u0142ach.<\/p><p>Zakupiony sprz\u0119t i narz\u0119dzia pos\u0142u\u017c\u0105 do atrakcyjniejszego przeprowadzania lekcji techniki, informatyki, plastyki, k\u00f3\u0142 zainteresowa\u0144 , zaj\u0119\u0107 pozalekcyjnych, \u00a0zaj\u0119\u0107 zwi\u0105zanych z doradztwem zawodowym a tak\u017ce wolontariatem na terenie szko\u0142y.<\/p><p style=\"text-align: center;\"><img decoding=\"async\" class=\"alignnone size-full wp-image-4206\" src=\"http:\/\/www.spgozd.edu.pl\/wp-content\/uploads\/2022\/09\/lab_przyszl2.jpg\" alt=\"\" width=\"203\" height=\"255\" \/><\/p>\t\t\t\t\t\t\t\t<\/div>\n\t\t\t\t<\/div>\n\t\t\t\t\t<\/div>\n\t\t<\/div>\n\t\t\t\t\t<\/div>\n\t\t<\/section>\n\t\t\t\t<\/div>\n\t\t","protected":false},"excerpt":{"rendered":"<p>Laboratoria Przysz\u0142o\u015bci to inicjatywa edukacyjna realizowana przez Ministerstwo Edukacji i Nauki we wsp\u00f3\u0142pracy z Centrum GovTech w Kancelarii Prezesa Rady Ministr\u00f3w.<br \/>\nCelem inicjatywy jest wsparcie wszystkich szk\u00f3\u0142 podstawowych w budowaniu w\u015br\u00f3d uczni\u00f3w kompetencji przysz\u0142o\u015bci z tzw. kierunk\u00f3w STEAM (nauka, technologia, in\u017cynieria, sztuka oraz matematyka).<\/p>\n","protected":false},"author":1,"featured_media":0,"parent":0,"menu_order":0,"comment_status":"closed","ping_status":"closed","template":"","meta":{"colormag_page_container_layout":"default_layout","colormag_page_sidebar_layout":"default_layout","footnotes":""},"class_list":["post-4203","page","type-page","status-publish","hentry"],"_links":{"self":[{"href":"http:\/\/www.spgozd.edu.pl\/index.php\/wp-json\/wp\/v2\/pages\/4203","targetHints":{"allow":["GET"]}}],"collection":[{"href":"http:\/\/www.spgozd.edu.pl\/index.php\/wp-json\/wp\/v2\/pages"}],"about":[{"href":"http:\/\/www.spgozd.edu.pl\/index.php\/wp-json\/wp\/v2\/types\/page"}],"author":[{"embeddable":true,"href":"http:\/\/www.spgozd.edu.pl\/index.php\/wp-json\/wp\/v2\/users\/1"}],"replies":[{"embeddable":true,"href":"http:\/\/www.spgozd.edu.pl\/index.php\/wp-json\/wp\/v2\/comments?post=4203"}],"version-history":[{"count":11,"href":"http:\/\/www.spgozd.edu.pl\/index.php\/wp-json\/wp\/v2\/pages\/4203\/revisions"}],"predecessor-version":[{"id":9241,"href":"http:\/\/www.spgozd.edu.pl\/index.php\/wp-json\/wp\/v2\/pages\/4203\/revisions\/9241"}],"wp:attachment":[{"href":"http:\/\/www.spgozd.edu.pl\/index.php\/wp-json\/wp\/v2\/media?parent=4203"}],"curies":[{"name":"wp","href":"https:\/\/api.w.org\/{rel}","templated":true}]}}