{"id":7251,"date":"2024-02-13T16:53:53","date_gmt":"2024-02-13T15:53:53","guid":{"rendered":"http:\/\/www.spgozd.edu.pl\/?page_id=7251"},"modified":"2025-04-14T21:47:01","modified_gmt":"2025-04-14T19:47:01","slug":"przedszkole-standardy-ochrony-maloletnich","status":"publish","type":"page","link":"http:\/\/www.spgozd.edu.pl\/index.php\/przedszkole-standardy-ochrony-maloletnich\/","title":{"rendered":"Przedszkole &#8211; Standardy Ochrony Ma\u0142oletnich"},"content":{"rendered":"\t\t<div data-elementor-type=\"wp-page\" data-elementor-id=\"7251\" class=\"elementor elementor-7251\">\n\t\t\t\t\t\t<section class=\"elementor-section elementor-top-section elementor-element elementor-element-dda6fac elementor-section-boxed elementor-section-height-default elementor-section-height-default\" data-id=\"dda6fac\" data-element_type=\"section\" data-e-type=\"section\">\n\t\t\t\t\t\t<div class=\"elementor-container elementor-column-gap-default\">\n\t\t\t\t\t<div class=\"elementor-column elementor-col-100 elementor-top-column elementor-element elementor-element-89b8f56\" data-id=\"89b8f56\" data-element_type=\"column\" data-e-type=\"column\">\n\t\t\t<div class=\"elementor-widget-wrap elementor-element-populated\">\n\t\t\t\t\t\t<div class=\"elementor-element elementor-element-0cbcc30 elementor-invisible elementor-widget elementor-widget-text-editor\" data-id=\"0cbcc30\" data-element_type=\"widget\" data-e-type=\"widget\" data-settings=\"{&quot;_animation&quot;:&quot;fadeInLeft&quot;}\" data-widget_type=\"text-editor.default\">\n\t\t\t\t<div class=\"elementor-widget-container\">\n\t\t\t\t\t\t\t\t\t<h2 style=\"text-align: center;\">Standardy Ochrony Ma\u0142oletnich<\/h2><p style=\"text-align: center;\"><a title=\"Plik PDF(853 KB) do pobrania\" href=\"http:\/\/www.spgozd.edu.pl\/wp-content\/uploads\/2024\/02\/standardy-dla-rodzicow-2.pdf\" target=\"_blank\" rel=\"noopener\">Standardy dla Rodzic\u00f3w<\/a><br \/><a title=\"Plik PDF(642 KB) do pobrania\" href=\"http:\/\/www.spgozd.edu.pl\/wp-content\/uploads\/2024\/07\/Standardy-Ochrony-Maloletnich-wersja-skrocona.pdf\" target=\"_blank\" rel=\"noopener\">Standardy Ochrony Ma\u0142oletnich &#8211;\u00a0 wersja skr\u00f3cona<\/a><\/p>\t\t\t\t\t\t\t\t<\/div>\n\t\t\t\t<\/div>\n\t\t\t\t\t<\/div>\n\t\t<\/div>\n\t\t\t\t\t<\/div>\n\t\t<\/section>\n\t\t\t\t<\/div>\n\t\t","protected":false},"excerpt":{"rendered":"<p>Standardy Ochrony Ma\u0142oletnich Standardy dla Rodzic\u00f3wStandardy Ochrony Ma\u0142oletnich &#8211;\u00a0 wersja skr\u00f3cona<\/p>\n","protected":false},"author":1,"featured_media":0,"parent":0,"menu_order":0,"comment_status":"closed","ping_status":"closed","template":"","meta":{"colormag_page_container_layout":"default_layout","colormag_page_sidebar_layout":"default_layout","footnotes":""},"class_list":["post-7251","page","type-page","status-publish","hentry"],"_links":{"self":[{"href":"http:\/\/www.spgozd.edu.pl\/index.php\/wp-json\/wp\/v2\/pages\/7251","targetHints":{"allow":["GET"]}}],"collection":[{"href":"http:\/\/www.spgozd.edu.pl\/index.php\/wp-json\/wp\/v2\/pages"}],"about":[{"href":"http:\/\/www.spgozd.edu.pl\/index.php\/wp-json\/wp\/v2\/types\/page"}],"author":[{"embeddable":true,"href":"http:\/\/www.spgozd.edu.pl\/index.php\/wp-json\/wp\/v2\/users\/1"}],"replies":[{"embeddable":true,"href":"http:\/\/www.spgozd.edu.pl\/index.php\/wp-json\/wp\/v2\/comments?post=7251"}],"version-history":[{"count":35,"href":"http:\/\/www.spgozd.edu.pl\/index.php\/wp-json\/wp\/v2\/pages\/7251\/revisions"}],"predecessor-version":[{"id":9259,"href":"http:\/\/www.spgozd.edu.pl\/index.php\/wp-json\/wp\/v2\/pages\/7251\/revisions\/9259"}],"wp:attachment":[{"href":"http:\/\/www.spgozd.edu.pl\/index.php\/wp-json\/wp\/v2\/media?parent=7251"}],"curies":[{"name":"wp","href":"https:\/\/api.w.org\/{rel}","templated":true}]}}